{"id":58,"date":"2022-05-05T07:54:44","date_gmt":"2022-05-05T07:54:44","guid":{"rendered":"https:\/\/aronyatarifleri.com\/?page_id=58"},"modified":"2022-05-09T12:19:46","modified_gmt":"2022-05-09T12:19:46","slug":"aronya-meyvesinin-tarihi","status":"publish","type":"page","link":"https:\/\/aronyatarifleri.com\/?page_id=58","title":{"rendered":"Aronya Meyvesinin Tarihi"},"content":{"rendered":"\n<p class=\"has-text-align-center\"><img alt=\"Aronya\" src=\"https:\/\/www.aronya.com\/skins\/shared\/images\/blogresimleri\/aronyatuketimi-min.jpg\"><\/p>\n\n\n\n<p>Aronya meyvesi, <strong>chokeberry<\/strong> ad\u0131yla da bilinen g\u00fclgiller familyas\u0131na ait olan bir \u00e7al\u0131 bitkisidir. Y\u00fcksek antioksidan ve pek \u00e7ok vitamin i\u00e7erdi\u011finden dolay\u0131 sa\u011fl\u0131\u011fa olumlu etkileri sayesinde \u201c<strong>s\u00fcper meyve<\/strong>\u201d olarak adland\u0131r\u0131lmaktad\u0131r.<\/p>\n\n\n\n<p>Anavatan\u0131 Kuzey Amerika olan aronya meyvesi, son y\u0131llarda \u00fclkemizde de \u00fcretilerek ad\u0131n\u0131 duyurmaya ba\u015flam\u0131\u015ft\u0131r. Aronya kimler taraf\u0131ndan kullan\u0131lm\u0131\u015f, nas\u0131l t\u00fcketilmeli, hangi hastal\u0131klara iyi gelir gibi sorular\u0131n yan\u0131tlar\u0131n\u0131 yaz\u0131m\u0131z\u0131n devam\u0131nda bulabilirsiniz.<\/p>\n\n\n\n<p class=\"has-text-align-center has-small-font-size\"><\/p>\n\n\n\n<p>Aronya meyvesi y\u00fczy\u0131llar boyunca K\u0131z\u0131lderililer taraf\u0131ndan kullan\u0131lm\u0131\u015ft\u0131r. Anavatan\u0131 Kuzey Amerika olan aronya meyvesini g\u00fc\u00e7l\u00fc etkisi nedeniyle s\u0131k s\u0131k yemeklerinde kullanan K\u0131z\u0131lderililer, k\u0131\u015f\u0131n zorlu \u015fartlar\u0131nda hastal\u0131klara kar\u015f\u0131 diren\u00e7li kalmak ve ba\u011f\u0131\u015f\u0131kl\u0131klar\u0131n\u0131 korumak i\u00e7in bu meyveden yararlanm\u0131\u015flard\u0131r.<\/p>\n\n\n\n<p>K\u0131z\u0131lderililer, geleneksel yemeklerinden biri olan Pemmican\u2019a temel malzemesi olan kuru et ve hayvan ya\u011f\u0131 d\u0131\u015f\u0131nda kuru aronya meyvelerini ekleyerek sa\u011fl\u0131klar\u0131n\u0131 korumu\u015flard\u0131r. Pemmican yeme\u011fi, g\u00fc\u00e7l\u00fc etkilerinin yan\u0131nda, uzun s\u00fcre saklanabilme \u00f6zelli\u011finden dolay\u0131 gezginler, k\u00e2\u015fifler ve yolcular aras\u0131nda da yayg\u0131nla\u015fm\u0131\u015ft\u0131r.<\/p>\n\n\n\n<div class=\"wp-duotone-000000-ffffff-1 wp-block-image is-style-default\"><figure class=\"alignleft\"><img src=\"https:\/\/www.aronya.com\/skins\/shared\/images\/blogresimleri\/kizilderililer%20(21).jpg\" alt=\"kizilderililer aronia\"\/><\/figure><\/div>\n\n\n\n<p>Aronya meyvesi 1900\u2019l\u00fc y\u0131llardan sonra Kuzey Amerika\u2019dan Avrupa ve Rusya\u2019ya uzanarak, buralarda da yeti\u015ftirilmeye ba\u015flanm\u0131\u015ft\u0131r. Son 15-20 y\u0131lda yap\u0131lan bilimsel ara\u015ft\u0131rmalarla birlikte, aronya meyvesinin m\u00fcthi\u015f i\u00e7eri\u011fi ke\u015ffedilmi\u015f ve sa\u011fl\u0131\u011fa olan katk\u0131lar\u0131 sayesinde bilinirli\u011fi artmaya ba\u015flam\u0131\u015ft\u0131r.<\/p>\n","protected":false},"excerpt":{"rendered":"<p>Aronya meyvesi, chokeberry ad\u0131yla da bilinen g\u00fclgiller familyas\u0131na ait olan bir \u00e7al\u0131 bitkisidir. Y\u00fcksek antioksidan ve pek \u00e7ok vitamin i\u00e7erdi\u011finden dolay\u0131 sa\u011fl\u0131\u011fa olumlu etkileri sayesinde \u201cs\u00fcper meyve\u201d olarak adland\u0131r\u0131lmaktad\u0131r. Anavatan\u0131 Kuzey Amerika olan aronya meyvesi, son y\u0131llarda \u00fclkemizde de \u00fcretilerek ad\u0131n\u0131 duyurmaya ba\u015flam\u0131\u015ft\u0131r. Aronya kimler&nbsp;<a class=\"read-more\" href=\"https:\/\/aronyatarifleri.com\/?page_id=58\">&hellip;<\/a><\/p>\n","protected":false},"author":3,"featured_media":0,"parent":0,"menu_order":0,"comment_status":"closed","ping_status":"closed","template":"","meta":[],"_links":{"self":[{"href":"https:\/\/aronyatarifleri.com\/index.php?rest_route=\/wp\/v2\/pages\/58"}],"collection":[{"href":"https:\/\/aronyatarifleri.com\/index.php?rest_route=\/wp\/v2\/pages"}],"about":[{"href":"https:\/\/aronyatarifleri.com\/index.php?rest_route=\/wp\/v2\/types\/page"}],"author":[{"embeddable":true,"href":"https:\/\/aronyatarifleri.com\/index.php?rest_route=\/wp\/v2\/users\/3"}],"replies":[{"embeddable":true,"href":"https:\/\/aronyatarifleri.com\/index.php?rest_route=%2Fwp%2Fv2%2Fcomments&post=58"}],"version-history":[{"count":2,"href":"https:\/\/aronyatarifleri.com\/index.php?rest_route=\/wp\/v2\/pages\/58\/revisions"}],"predecessor-version":[{"id":68,"href":"https:\/\/aronyatarifleri.com\/index.php?rest_route=\/wp\/v2\/pages\/58\/revisions\/68"}],"wp:attachment":[{"href":"https:\/\/aronyatarifleri.com\/index.php?rest_route=%2Fwp%2Fv2%2Fmedia&parent=58"}],"curies":[{"name":"wp","href":"https:\/\/api.w.org\/{rel}","templated":true}]}}